6 + 6 + -2).
0
What is (7 - (8 + -3)) + -3?
-1
Evaluate 7 + -12 + -11 + 7 + 2.
-7
What is -8 - (-2 - (16 + -9))?
1
What is the value of 3 - (12 - 4) - (-6 + 6)?
-5
Evaluate (1 - 0) + (2 - 5) + 7.
5
Evaluate (14 - 6) + -7 - -2.
3
What is the value of (4 - 6) + 1 + -1 + -3?
-5
Evaluate 2 - ((-3 - -2) + 6 - 3).
0
What is (-1 - (-6 + 5)) + 5 + -14?
-9
42 + -39 - (6 + (0 - -1))
-4
Evaluate 1 + (8 - (1 - -7)).
1
What is the value of 1 + (-1 + 2 - -2) - 8?
-4
What is 25 + -24 + 3 + 2?
6
14 - (-7 - (-7 + -10))
4
Calculate -1 - (-3 + -3 + 1 + 3).
1
Evaluate -5 + 0 - (-4 + 9 + -11).
1
1 + 0 - (-3 + 4) - 1
-1
Calculate -1 + (1 - 1 - (6 - 2)).
-5
What is -11 - (-26 + 4) - 6?
5
What is the value of -1 - -1 - (12 + -12)?
0
What is -1 - 1 - -1 - 1?
-2
What is 5 - 0 - (-60 - -66) - 4?
-5
Calculate (-7 - 9) + 10 - -6.
0
Evaluate (-3 - 1) + 24 + -13.
7
Calculate (-5 - -5) + (-4 - -1).
-3
What is 15 + -2 + (-35 - -28) + -4?
2
Evaluate -9 + 0 + -60 + 76.
7
What is 1 - ((-30 - -34) + -1 + -5)?
3
12 - (8 - (-5 + 5)) - 8
-4
Calculate -14 + 15 + (4 - 0).
5
-193 + 191 - (-1 + 0 + -11)
10
Evaluate 3 + 1 - (3 - (-4 + 7)).
4
Evaluate 0 - -8 - (6 - 3).
5
What is -44 + 36 + 15 + -1?
6
-2 + -2 + (4 + -3 - 1)
-4
-1 - -1 - (0 - 4)
4
What is (2 - 0) + 0 - 4?
-2
What is the value of -1 + -11 - (-16 - (-3 - 6))?
-5
What is the value of 3 - (3 + -12) - 4?
8
Calculate (5 - 1) + (-20 - -18) - 3.
-1
What is the value of (12 - 14) + (1 - (-3 + 4))?
-2
Calculate 20 - 9 - (0 - -8).
3
What is the value of -2 + -3 - (1 + -4) - 1?
-3
What is 3 - (-3 + (1 - -1) + -1)?
5
Calculate (-7 - -11) + -3 + -7 - -13.
7
What is -1 - (-2 - (4 + 0))?
5
Evaluate 4 + -8 - -2 - 1.
-3
(-13 - -9) + (-1 - -2 - -2)
-1
What is the value of -2 - -3 - (3 + -2 + 3)?
-3
What is the value of 4 + (2 - 1 - (2 - 0))?
3
18 + 21 + -38 - (-1 - 6)
8
(8 + 6 - 8) + -15
-9
What is -2 + (-2 - 5 - -4)?
-5
Calculate -6 - (4 + -2 + (0 - 5)).
-3
What is the value of 3 + (-7 + 0 - -2)?
-2
What is 0 + -2 + (3 - 5) - -8?
4
What is (2 - (-5 - -9)) + -1?
-3
What is (0 - (-7 + 6)) + (-4 - -7)?
4
What is -1 - 0 - -8 - 2?
5
(-4 - -5) + (-1 - -1)
1
What is the value of (3 - (1 + 7)) + 4 + -3?
-4
What is the value of 11 + -1 + 1 + -3 - 0?
8
What is -6 + 6 - (2 - 2)?
0
Evaluate -4 - (-4 + (16 - 9)).
-7
What is the value of 5 + -1 + 4 + -5?
3
What is the value of (4 - (1 + 19)) + 11?
-5
Evaluate 53 - 63 - (-2 - 0).
-8
Calculate 0 - ((-1 - 0) + 3).
-2
Evaluate -49 + 45 - (1 + -6 - 0).
1
(-1 + 1 - (-4 + 5)) + 1
0
What is (5 - 1) + -7 + -2?
-5
-1 + (7 - (-2 - -5))
3
Calculate -4 - (-3 + 6 + -5).
-2
-3 - (1 + (-4 - (2 - 0)))
2
What is the value of -3 + 4 - (1 + -5 + 3)?
2
(-1 - 2) + (1 - -2)
0
Evaluate 1 - ((4 - 6) + 6).
-3
What is the value of -1 + (4 + -4 - 4)?
-5
Calculate -2 + 1 + -3 + 2 + 3.
1
Calculate -1 - -6 - 8 - 4.
-7
What is the value of (3 - 0) + (-8 + 2 - -3)?
0
Calculate -2 + -7 - (-75 + 68).
-2
Calculate 3 - (-1 + 2 + 3).
-1
(-3 - -3 - -1) + -3
-2
4 + -11 - (-6 + -4)
3
Calculate -7 - (0 + 3 + -8 + 1).
-3
(5 - -2) + -14 + 11
4
Evaluate 6 + 7 + -12 - (-1 + -1).
3
Evaluate (-2 - -4) + (1 + 0 - 0).
3
What is the value of -1 + 3 + (-2 - (5 - 2))?
-3
Evaluate 11 + -1 - (47 + -35).
-2
0 + -1 - (-37 + 36)
0
What is the value of 0 + (1 - (0 + -1)) - -3?
5
Calculate 0 - 4 - (4 - 3).
-5
What is 1 - (-1 + (-6 - -4) + 3)?
1
What is the value of 3 - 3 - (-2 - 0) - -4?
6
Calculate -5 - (7 + -12 + 3).
-3
Calculate -183 + 189 - (-1 + 0 + 15).
-8
Evaluate 6 + (-8 + 0 - (4 + -8)).
2
0 - (-6 - -5) - (3 + -2)
0
Evaluate 3 + (2 - -1) + 7 + -17.
-4
-1 + 1 + -3 - (4 + -4)
-3
What is -4 + 1 + -2 - (-2 + 1)?
-4
What is the value of 2 - (-2 + 3 + 3 + -6)?
4
What is the value of 10 + -8 - (-2 - 0)?
4
What is (-20 - -10) + 7 + 8?
5
Evaluate 4 - (9 + (0 - 6)).
1
What is the value of (-1 + 5 - 1) + (-1 - -2)?
4
What is 19 - 24 - (-1 + -1)?
-3
-10 - (13 + 0 + -28)
5
Calculate -10 + -2 + 10 + 5.
3
Evaluate -6 - ((3 - 3) + -6).
0
What is the value of (3 - 9) + (-2 - -6 - 1)?
-3
What is the value of -9 - -10 - 4 - -4?
1
What is -7 - (-33 - -11 - -8)?
7
What is -80 - -80 - (-4 + 0 + 1)?
3
-3 - (4 + -7 + -1)
1
What is the value of (0 - 4) + (-1 - (-4 + -4))?
3
What is (0 - 15 - -3) + 17?
5
10 - 13 - -4 - (7 + 0)
-6
What is the value of 2 + -3 - (-8 - -8)?
-1
What is the value of -2 - 0 - 1 - 0?
-3
What is the value of 8 + 1 - (7 - 0)?
2
What is 13 + -11 + -5 + 1?
-2
(-3 + 1 - -3) + (3 - 3)
1
Evaluate 11 - 1 - (12 - 7) - 2.
3
-3 - -14 - (7 - 0)
4
What is the value of (5 - 5) + -5 + 16 - 5?
6
What is (16 + -16 - (0 - -4)) + 1?
-3
What is 5 + -4 + 2 + -2 + -1?
0
What is -5 + (6 - -6) - (5 + 4)?
-2
What is (-7 - (-4 - 0)) + -2 + 3?
-2
Evaluate (-2 - (0 + -4)) + -9.
-7
What is 0 + 1 + -2 - 0?
-1
Calculate (0 - 0) + 6 + (1 - 2).
5
Calculate (3 - 2 - 1) + (2 - 1).
1
Calculate 7 + -7 + 3 - 1.
2
What is the value of -2 + -2 + 2 + 1?
-1
Evaluate -7 + 4 + 5 - -5.
7
Calculate (1 - -2) + 7 + -7.
3
What is -8 - (0 + -3) - 1?
-6
Evaluate -3 + 2 - -1 - (10 + -14).
4
Calculate (0 + -9 - -16) + -7 + 3.
3
1 + 11 + -12 + 4
4
What is the value of 0 - 5 - (9 + -9 + -5)?
0
Calculate -85 + 85 - (-2 - (-1 - -7)).
8
Calculate -1 + 3 - 10 - -5.
-3
-4 - -8 - (1 - 0)
3
Evaluate (0 + 2 - -4) + 20 + -24.
2
Evaluate 0 + (4 - (4 + 4)) - -3.
-1
Evaluate 18 + -16 + (0 + 1 - 6).
-3
What is (8 - 13) + 2 + (1 - 0)?
-2
What is -174 + 179 + 0 + 2?
7
Evaluate -3 - (-1 + 4 - 10).
4
Calculate 39 - 32 - (0 + 2) - 1.
4
Calculate 1 + 11 + 3 + -8.
7
Calculate (1 - -11) + -17 + 12.
7
What is 1 + -2 + 3 + 1 + 1?
4
-8 - (-20 + 9 - 4)
7
26 + -21 - (-4 + 2)
7
Evaluate (6 - (15 + -13)) + -13.
-9
What is -21 + 23 + (0 - -1) + -1?
2
What is the value of (-1 - -8) + 1 + 2 + -4?
6
What is the value of -4 + 12 + (-9 - -5)?
4
What is the value of 7 + (-13 - -1) - (-3 + -1)?
-1
What is 0 - 5 - -4 - -2 - -2?
3
Calculate -4 + (0 - (-1 - 2)) - 1.
-2
Evaluate -4 - -5 - 7 - -10.
4
Evaluate -2 + (-3 + 6 - 7 - -5).
-1
Evaluate 3 + 8 + -21 - -2.
-8
Evaluate -2 - 5 - -3 - 0.
-4
Calculate 17 - (12 + -1) - 3.
3
Calculate -31 - -38 - (1 - -8).
-2
What is the value of (-10 - -13) + (-1 - 2)?
0
(2 - 3) + (9 - (3 + 0))
5
Calculate -1 - 8 - -7 - 5.
-7
What is the value of (-3 - (8 + -18)) + (-2 - 0)?
5
What is 10 + 0 - (20 - (-10 - -26))?
6
What is (-6 - -2 - -2) + -3 + 4?
-1
What is the value of 2 + -14 + 5 + 2 + -1?
-6
-5 + (-2 - -5 - (1 + 0))
-3
Evaluate 0 + -1 + (-6 - (-7 + -7)).
7
What is the value of (11 - (-10 + 13)) + -12?
-4
What is -8 + (7 - -1 - -4)?
4
What is the value of 18 + -13 + -7 + 10?
8
What is -3 - (10 - 4) - -14?
5
What is the value of -4 + 1 + (22 - (-6 + 23))?
2
Evaluate (1 - -2) + -8 + 2.
-3
Calculate -12 + 8 - (3 + -2 + -8).
3
5 + -3 + 3 + -2
3
(4 - -2) + (7 - 12 - -2)
3
Evaluate -9 - (-3 + -5 - -1).
-2
Evaluate 3 - (-6 + 5 + 6).
-2
What is the value of (-2 + -8 - -11) + 5?
6
What is (-4 - (6 + -6)) + -4 + 3?
-5
What is the value of 8 + 2 + -10 + 7?
7
What is the value of 3 - 18 - (-6 + -1)?
-8
Calculate 3 - 1 - (-35 + 37).
0
What is 4 - ((14 - 10) + (-1 - 1))?
2
What is -10 - ((-11 - 4) + 4)?
1
Evaluate (19 - 10) + -25 + 10.
-6
Calculate 9 + (-9 - -14) + -12.
2
What is 14 - 12 - (-3 + 1)?
4
What is -1 - (-5 + 4 - -9)?
-9
What is the value of -7 + 4 + -4 + 2 + 1?
-4
What is 13 - (-1 + -2) - (-41 + 48)?
9
What is 5 - (4 + 4 + -3) - -2?
2
(-1 - -11) + -10 - (-1 - -1)
0
Evaluate 7 - (-3 + 0 + -1 + 9).
2
Evaluate (0 - 5) + -7 + 7 + 6.
1
What is -8 + (1 - 0) - (3 - 5)?
-5
What is (-6 - -4) + -1 + 0 + 5?
2
Evaluate (3 - (2 + 3)) + 3.
1
Evaluate 6 - -4 - 9 - 1.
0
3 - (4 - (7 + -3))
3
Calculate -9 + -1 + (6 - (-3 + 5)).
-6
What is the value of 4 + (12 + -17 - (-2 + 4))?
-3
Evaluate 1 - (1 - (1 - 3)).
-2
Evaluate (1 - 2 - (1 - -1)) + 2.
-1
What is the value of -12 - (0 - 4) - -4?
-4
Calculate (4 + 0 - 0) + (0 - -1).
5
Evaluate -14 + 2 - (-37 + 18).
7
Calculate 4 + 6 + -10 + 1 + -1.
0
3 + 2 + 5 + -5
5
Calculate -1 - (-6 - -9 - (-1 - -8)).
3
-1 - 2 - -3 - 4
-4
What is the value of -2 - 1 - (-4 + 3)?
-2
What is 0 + -1 + 7 + -1?
5
(4 - (-7 - (-14 + -2))) + -1
-6
Evaluate -3 + (3 - (7 + -4) - -1).
-2
Evaluate -17 - (10 - 10 - 12).
-5
0 - -2 - (-7 - -3) - 5
1
What is the value of (4 - -3 - 5) + 1?
3
What is (4 - 1) + (-3 - 2) - -2?
0
What is the value of 1 - 3 - (-30 - -22)?
6
Calculate -3 - -14 - 23 - -5.
-7
What is (-1 - -2 